0) + 246.
-40
Calculate 10 + ((74 - (4 - (-10 - -1))) + -4 - 15).
52
Calculate -5598 - -5503 - (0 + -39).
-56
46 + -40 + -38 + 29
-3
Calculate -13 - (-61 + 141 + -68).
-25
What is the value of 76 + (-5 - (128 - 99))?
42
What is 89 - (12 - (-46 - 31))?
0
Calculate 2 + (20 - (-2 - -11)) - -6.
19
What is the value of 59 + -38 + 24 + -4 - (4 + 7)?
30
What is (139 - 111 - (1 + 6)) + (-4 - -3)?
20
Calculate 18 + -1 + -1 + -33 + (1347 - 1334).
-4
Evaluate (-7 - 23) + -90 + 60.
-60
What is 21 - -16 - (-259 - -276)?
20
What is 89 + (-2 - -1) + -3 + (-10 - (-84 + 81))?
78
Evaluate 56 + 1 + -37 - (12 + 0 - -2).
6
What is -17 - (-25 - (-29 - -15)) - 60?
-66
Evaluate (-13 + (-12 - -45) - 12) + 10.
18
Evaluate (1 - (4 - -8 - 4)) + 7 + 44.
44
Evaluate 14 + -23 + -10 + 5 + 34 + -13 + -5.
2
Calculate (-26 - (-95 - -86)) + -53.
-70
Evaluate 1 + 0 + -25 + (38 - 61).
-47
What is the value of -1 + (52 - (35 - 8))?
24
What is 66 + -51 + 17 + 6 + -40 + 9?
7
Calculate 817 - 839 - ((6 - 2) + -14).
-12
Calculate -124 + 69 - -204 - 75.
74
What is -17 + -9 + -11 + 10 + 14 + 2 + -5?
-16
Evaluate (-10 + 4 - (20 + -13)) + 36 + -3.
20
Evaluate (-1 + 1 + 1 - -7) + -9785 + 9756.
-21
What is the value of -65 + -51 + (-25 - -162)?
21
-4 + (-26 - -16 - -13 - 14 - (-84 + 1))
68
Evaluate -7 - (1 + -28) - (-20 - (-21 + -2)).
17
What is the value of (9 - 1) + (-49 - (-13 - 40)) + 32?
44
Calculate (-8 - (-8 + (0 - 6) + (0 - -8))) + 24.
22
What is the value of (1 + -18 + 3 - ((32 - -32) + -77)) + -39?
-40
What is -37 + (12 + 28 - -24)?
27
16 - (125 + -106 + -35 + 5)
27
Evaluate 1 - -3 - (-4 + 38 + -1 + -10).
-19
What is the value of 36 - ((84 - -14) + 36) - -2?
-96
(-12 - -1) + -3 + (27 + -12 - 3) + -47
-49
122 - ((11 - 17 - (0 + -12)) + -19 + 6)
129
Evaluate (-2 - (-37 - (6 + -7 + 0))) + 11.
45
Evaluate 10 + ((-9 - -6) + 1 - 3) + -8 + 52.
49
What is the value of -122 + -201 - -231 - (1 + -38)?
-55
What is (-227 - -246) + 3 + 0 + 25?
47
What is -22 + (2 - -1 - ((19 - 7) + -41))?
10
What is 3 - ((5 - 11 - (-21 - -6)) + 44)?
-50
Calculate (37 - -5) + (-11 - (5 - -103)).
-77
Calculate (1875 + -1766 - (1 - -31)) + (-5 - 0).
72
Calculate 110 + -45 + -56 + -5.
4
What is -2 + 7 + (0 + -17 - (-248 + 253)) + -9?
-26
Calculate 5 + -21 - ((5 - (-19 + 7)) + 5).
-38
What is the value of 3 + -18 + 11 + 5 + (0 - 4)?
-3
What is -35 + (-14 - (50 + -68))?
-31
Evaluate (29 - (14 - (32 + -18 + -15))) + 75.
89
Evaluate 454 + -382 + (0 - 13 - (3 - 7)) + 0.
63
What is the value of -4 + 56 - (40 + -18)?
30
Calculate (-1 - 13 - 10) + (5 - 0).
-19
What is -380 + 463 - (39 + -2)?
46
What is (-76 - -70 - 44) + 1?
-49
What is 503 + -568 + (187 - 12)?
110
14 - ((72 + 63 - (-3 + 24)) + -18)
-82
Evaluate -27 + 15 + (-46 - (-8 + 3)) - -7.
-46
What is the value of (18 - 1) + -69 + (-113 - -182)?
17
What is the value of (-10 - -78) + -2 + -4 - (-97 + 98)?
61
What is -15 + 8 + (2 + (8 - 2) - (80 + -59))?
-20
What is the value of 47 + -101 + 50 - (0 - -3 - -119)?
-126
What is the value of -157 - (28 + 20 + -19 - 50)?
-136
-20 - -2 - (-291 + 29 + 61 + 62)
121
-24 + (-610 - -581 - (-1 - 9))
-43
What is -9 + -55 + -89 + 163?
10
Calculate (3102 - 3086) + -1 + 1 + 1.
17
What is the value of -1346 - -1303 - (-98 + 4)?
51
What is the value of -12 + 5 + -6 + 0 + (32 - -1)?
20
313 + -291 + (4 - 46)
-20
What is the value of 49 + -28 + -15 + 44?
50
What is -12 + (45 + -44 - -9) + (1 - -44)?
43
What is the value of (-57 - (3 + -70)) + -14 - (-1 + -24)?
21
Evaluate 73 + (-104 - -49) + 20.
38
What is the value of (-14 - -14 - -36) + (17 - 24) - 1?
28
Calculate (-20 - (-7 + -12 - 12)) + 2 + (10 - -5).
28
29 - 4 - (33 - -9) - -8
-9
What is the value of (-52 - -27) + 18 + (3 - -10)?
6
What is 137 + -17 + -32 + 2 + 12?
102
Evaluate -4 + -53 + -34 + 57.
-34
What is the value of -5465 + 5501 + (17 + 1 - 1)?
53
Evaluate 81 + 2 + -7 + -15 - (0 + -1).
62
Calculate -88 + 209 - 167 - -62.
16
Calculate (-1 - -2) + 0 + -13 + (158 - 154) - -68.
60
Evaluate 7 + -17 + -7 - (9 - 25) - 58.
-59
Evaluate 22 + -14 + -46 + 60.
22
Calculate 2 - (3 + 40 + -58).
17
What is the value of (290 - 278) + -5 + 93 + -1?
99
Evaluate (-39 - -125) + (1 - -10 - (-18 - -31 - 9)).
93
Evaluate -1 - (18 - 9 - (-16 + 6 + 17) - -5).
-8
What is -126 + 80 + -62 - -136?
28
What is 75 - (-39 + 21 + 15 + 7 + 2)?
69
Evaluate -36 - ((13 - 29) + (12 - 14)).
-18
Calculate 43 + 133 + -167 + (-1 - 66).
-58
What is -3 + -9 + (4 - 56) + 13 + (7 - 0)?
-44
Calculate -58 + 11 - (-606 - -550).
9
What is the value of (-1 - -45) + 562 + -619?
-13
Calculate (-1 - -2 - 1) + (608 - 597) + -6.
5
(-2 - -75) + 0 - (-45 + 56 - (27 - 28))
61
What is the value of -10 - (-2 + 0) - (388 + -372)?
-24
What is the value of -6 + 52 + -103 + 33?
-24
What is -33 - ((36 - 38) + -24) - -29?
22
Evaluate 7 - (2 - -4) - (35 + (20 - -15) + -17).
-52
What is the value of 151 + -142 + -99 + (2 - 1) + 3 + -10?
-96
Calculate 156 - 148 - (-4 - (0 - -5)).
17
What is the value of (21 - -76 - 11) + -46?
40
-6 + 5 + 91 + (-15 - (-38 + 22 - -1))
90
(51 - 5) + (8 - 3) - (13 + 10 - 18)
46
What is the value of -2 + 14 + 0 + 5347 + -5351?
8
Calculate -54 + 90 + 70 + -11.
95
(-66 - -52) + 65 + -47
4
What is the value of (-53 - -97) + 22 + -150?
-84
(-63 - (7 + -30)) + 102 + 16
78
What is the value of (-62 - 3) + 7 + 1 + 6 + (-13 - -2)?
-62
Calculate -193 + 345 - (-13 - -96).
69
-46 - (16 + (-4 - 0) + -19)
-39
Evaluate (3 + (-3 - 4) - (26 + -35) - -2) + -16.
-9
Calculate 27 + (1 - (-11 - (7 - 17))) + -2.
27
What is 69 + (35 - (163 + -27))?
-32
25 + -13 + -6 + -57 + (5 - 14)
-60
(-1 + 14 - (42 - (51 - -18))) + -4
36
Evaluate 16 - (68 - (8 + (30 - 18))).
-32
Evaluate 44 - (30 + -38) - 8.
44
What is the value of (-109 - -72 - -64) + -42?
-15
What is the value of (239 - 290) + (0 - 0)?
-51
What is (-62 - (80 - 138)) + -41?
-45
Calculate -62 - 0 - (399 + -440).
-21
Calculate 16 - ((10 - (84 + (19 - 15))) + 0).
94
Evaluate 10 + 4 + 844 + -850.
8
Calculate 1 + 3 + 240 + -565 + 390.
69
What is the value of 60 + -62 + 21 + (7 - 7) + -7?
12
Calculate 2 - -6 - (-192 - -224).
-24
-32 - (30 - 54) - (1 - (2 + 7)) - 93
-93
Evaluate 4 - (11 + 36 + -52 + (1 - -47)).
-39
Calculate (59 + 20 - 38) + (-16 - -30).
55
What is the value of -112 + (14 + 100 - 71)?
-69
Evaluate (-252 - -227) + (2 - -66).
43
Evaluate 2 - (-109 - (-18 + 6 - (0 - -19 - 20))).
100
Evaluate -5 - 0 - (-23 - (-6 - 34)).
-22
-12 - 2 - (-18 + 17 + (21 - -38) + 18)
-90
What is 8 + -128 - (-7 - (4 + -10 + -3 - -10))?
-112
What is -74 + (-10 + (-23 - -78) - 19)?
-48
Evaluate (23 - (39 - (-41 + 42))) + 24.
9
What is 161 - (55 - -111 - 82)?
77
Calculate -39 - (-24 - (74 - 43)).
16
What is -39 - (-77 + (-124 - -53))?
109
What is the value of 10 + -9 + (-16 - (-6 + 13)) + 2?
-20
Evaluate 49 + (38 - (4 - -28)) + (-6 - (2 - 2)).
49
Calculate -27 + (7 - -1) + (-12 + -19 - -18) + 3.
-29
Evaluate (11 + -13 + 17 - (-21 + 49)) + (6 - -1).
-6
What is 36 - (74 + -40 - 29)?
31
-97 - (-74 + (-117 - -161))
-67
What is the value of 44 + (11 + -10 + 9 - 16) + 2?
40
What is -5 - -65 - (4 - (2 - (3 - 4))) - 8?
51
What is the value of -43 - ((20 - 24) + -2 + -3 + 4 + 4)?
-42
What is -57 + (3 - 11 - -46)?
-19
Evaluate 39 - (-19 + 91 + -39).
6
Calculate 2 + (-1 - -4 - ((3 - (-15 + 4)) + -73)).
64
Evaluate -97 + -71 + 179 + -100.
-89
Calculate -1 + -14 + 24 + -12 + (-6 - -16).
7
Evaluate -26 + 5 + -1 + -4 + -1 - (-44 + 52).
-35
What is (-3 - -139 - (-29 - (-13 + -8))) + (-16 - -2)?
130
Evaluate -1 + -42 - (1 + 20 + (87 - (62 + 34))).
-55
Evaluate 102 - (85 + 12 - 25).
30
What is (0 - 105 - (6 - 3)) + -196 + 123 + 89?
-92
What is the value of -6 + (20 - 18) + (11 - -4) + 15?
26
Calculate 21 + (-8 - ((1 - 1) + 10)).
3
6 + -10 - 1 - (50 + -37)
-18
Evaluate -129 + 117 + (7 + -6 - 5 - 0).
-16
30 - ((9 - (19 - 1)) + 0)
39
What is (91 - 13) + -11 + -199 + 154?
22
What is -1 + -1 - (-5 - (-24 + (-10 - (-9 + -8))))?
-14
What is the value of (-7 - -70) + -5 + -6 + 19 + 1 + -12?
60
What is the value of (-24 - -82 - 24 - 57) + -20?
-43
2 + -25 + -2 + 14 + (5 - (5 - -4))
-15
Evaluate 8 + 32 + 8 + (12 - -9).
69
What is 105 - 149 - (-5 + (-5 - -4) + -7)?
-31
-41 - (26 + (-12 - (-12 - -16)) - 11)
-40
What is the value of (4 - (-2 + 10)) + -38 + 2408 + -2399?
-33
Calculate -1 + (-25 - 2) + (60 - -27) + -87.
-28
Calculate -